{"id":1647,"date":"2019-06-29T22:28:08","date_gmt":"2019-06-29T15:28:08","guid":{"rendered":"https:\/\/tuongvibeauty.com\/?post_type=product&#038;p=1647"},"modified":"2019-07-01T21:20:17","modified_gmt":"2019-07-01T14:20:17","slug":"bo-san-pham-may-nang-co-mat-ageloc-galvanic-face","status":"publish","type":"product","link":"https:\/\/tuongvibeauty.com\/?product=bo-san-pham-may-nang-co-mat-ageloc-galvanic-face","title":{"rendered":"B\u1ed9 s\u1ea3n ph\u1ea9m m\u00e1y n\u00e2ng c\u01a1 m\u1eb7t Ageloc Galvanic Face Spa"},"content":{"rendered":"<p style=\"text-align: justify;\"><span style=\"font-size: 12pt;\">B\u1ed9 s\u1ea3n ph\u1ea9m\u00a0<span style=\"color: #3366ff;\"><strong>m\u00e1y n\u00e2ng c\u01a1 m\u1eb7t Galvanic Face Spa<\/strong>\u00a0<\/span>ch\u00ednh l\u00e0 s\u1ea3n ph\u1ea9m gi\u00fap cho b\u1ea1n c\u1ea3m th\u1ea5y qu\u00e1 tr\u00ecnh l\u00e3o h\u00f3a kh\u00f4ng qu\u00e1 \u201c\u0111\u00e1ng s\u1ee3\u201d nh\u01b0 b\u1ea1n ngh\u0129. Tr\u1ea3i nghi\u1ec7m m\u00e1y Galvanic Face Spa ngay h\u00f4m nay \u0111\u1ec3 ph\u1ee5c h\u1ed3i &amp; t\u00e1i t\u1ea1o l\u00e0n da t\u01b0\u01a1i tr\u1ebb t\u1ee9c th\u00ec.<\/span><\/p>\n<p><img loading=\"lazy\" class=\"aligncenter wp-image-1294 size-full\" src=\"https:\/\/tuongvibeauty.com\/wp-content\/uploads\/2019\/06\/286d7e1f74f11828cee05b351fc6e0d0.jpg\" alt=\"\" width=\"640\" height=\"640\" srcset=\"https:\/\/tuongvibeauty.com\/wp-content\/uploads\/2019\/06\/286d7e1f74f11828cee05b351fc6e0d0.jpg 640w, https:\/\/tuongvibeauty.com\/wp-content\/uploads\/2019\/06\/286d7e1f74f11828cee05b351fc6e0d0-150x150.jpg 150w, https:\/\/tuongvibeauty.com\/wp-content\/uploads\/2019\/06\/286d7e1f74f11828cee05b351fc6e0d0-300x300.jpg 300w, https:\/\/tuongvibeauty.com\/wp-content\/uploads\/2019\/06\/286d7e1f74f11828cee05b351fc6e0d0-600x600.jpg 600w, https:\/\/tuongvibeauty.com\/wp-content\/uploads\/2019\/06\/286d7e1f74f11828cee05b351fc6e0d0-100x100.jpg 100w\" sizes=\"(max-width: 640px) 100vw, 640px\" \/><\/p>\n<h3 style=\"text-align: justify;\"><span style=\"font-size: 15pt; color: #3366ff;\"><strong>T\u1ea0I SAO B\u1ea0N N\u00caN S\u1eec D\u1ee4NG THI\u1ebeT B\u1eca AGELOC GALVANIC SPA<\/strong><\/span><\/h3>\n<p style=\"text-align: justify;\"><span style=\"font-size: 12pt;\">C\u00e0ng ng\u00e0y c\u00e0ng nhi\u1ec1u ch\u1ecb em quan t\u00e2m t\u1edbi c\u00e1c ph\u01b0\u01a1ng ph\u00e1p l\u00e0m \u0111\u1eb9p c\u00f4ng ngh\u1ec7 ti\u00ean ti\u1ebfn h\u01a1n.\u00a0<\/span><span style=\"font-size: 12pt;\">C\u00f3 r\u1ea5t nhi\u1ec1u l\u00ed do m\u00e0 ch\u1ecb em ph\u1ee5 n\u1eefa l\u1ea1i ch\u1ecdn l\u00e0m \u0111\u1eb9p c\u00f9ng\u00a0<span style=\"color: #000000;\"><span style=\"color: #3366ff;\"><strong>ageloc galvanic spa<\/strong><\/span>:<\/span><\/span><\/p>\n<p style=\"text-align: justify;\"><span style=\"font-size: 12pt;\">&#8211; Th\u1ee9 nh\u1ea5t s\u1ea3n ph\u1ea9m c\u00f3 xu\u1ea5t x\u1ee9 t\u1eeb Hoa K\u1ef3 &#8211; m\u1ed9t \u0111\u1ea5t n\u01b0\u1edbc lu\u00f4n d\u1eabn \u0111\u1ea7u v\u1ec1 c\u00e1c c\u00f4ng ngh\u1ec7 l\u00e0m \u0111\u1eb9p ti\u00ean ti\u1ebfn.<\/span><\/p>\n<p style=\"text-align: justify;\"><span style=\"font-size: 12pt;\">&#8211; Th\u1ee9 hai, ageloc galvanic spa l\u1ea1i \u0111\u1ebfn t\u1eeb Nuskin m\u1ed9t t\u1eadp \u0111o\u00e0n v\u1ec7 c\u00f4ng ngh\u1ec7 l\u00e0m \u0111\u1eb9p h\u00e0ng \u0111\u1ea7u t\u1ea1i M\u1ef9.<\/span><\/p>\n<p style=\"text-align: justify;\"><span style=\"font-size: 12pt;\">&#8211; Th\u1ee9 ba, th\u1eddi gian ch\u0103m s\u00f3c da c\u1ee7a ph\u1ee5 n\u1eef ng\u00e0y c\u00e0ng \u00edt trong cu\u1ed9c s\u1ed1ng h\u1ed1i h\u1ea3 nh\u01b0 hi\u1ec7n nay. V\u1ea5n \u0111\u1ec1 l\u00e0m th\u1ebf n\u00e0o \u0111\u1ec3 v\u1eeba c\u00f3 th\u1ec3 l\u00e0m \u0111\u1eb9p t\u1ea1i nh\u00e0, ti\u1ebft ki\u1ec7m th\u1eddi gian lu\u00f4n \u0111\u01b0\u1ee3c ch\u1ecb em \u0111\u1eb7t l\u00ean h\u00e0ng \u0111\u1ea7u.<\/span><\/p>\n<p><span style=\"font-size: 12pt;\">C\u00e1c thi\u1ebft b\u1ecb l\u00e0m \u0111\u1eb9p d\u1ea7n chi\u1ebfm \u0111\u01b0\u1ee3c thi\u1ec7n c\u1ea3m khi n\u00f3 gi\u00fap \u00edch r\u1ea5t nhi\u1ec1u trong c\u00f4ng cu\u1ed9c l\u00e0m \u0111\u1eb9p.\u00a0<\/span><span style=\"font-size: 12pt;\">V\u00e0\u00a0<strong>m\u00e1y massage m\u1eb7t ageoc galvanic spa<\/strong>\u00a0ch\u1ee9a t\u1ea5t c\u1ea3 nh\u1eefng \u0111i\u1ec1u \u0111\u00f3<\/span><\/p>\n<p><img loading=\"lazy\" class=\"aligncenter wp-image-1295 size-full\" src=\"https:\/\/tuongvibeauty.com\/wp-content\/uploads\/2019\/06\/gal_grande.jpg\" alt=\"\" width=\"600\" height=\"600\" srcset=\"https:\/\/tuongvibeauty.com\/wp-content\/uploads\/2019\/06\/gal_grande.jpg 600w, https:\/\/tuongvibeauty.com\/wp-content\/uploads\/2019\/06\/gal_grande-150x150.jpg 150w, https:\/\/tuongvibeauty.com\/wp-content\/uploads\/2019\/06\/gal_grande-300x300.jpg 300w, https:\/\/tuongvibeauty.com\/wp-content\/uploads\/2019\/06\/gal_grande-100x100.jpg 100w\" sizes=\"(max-width: 600px) 100vw, 600px\" \/><\/p>\n<h3 style=\"text-align: justify;\"><span style=\"font-size: 15pt; color: #3366ff;\"><strong>TR\u1ea2I NGHI\u1ec6M TUY\u1ec6T V\u1edcI KHI D\u00d9NG THI\u1ebeT B\u1eca AGELOC GALVANIC SPA\u00a0<\/strong><\/span><\/h3>\n<p style=\"text-align: justify;\"><span style=\"font-size: 12pt;\">M\u00e1y\u00a0<span style=\"color: #000000;\"><strong><span style=\"color: #3366ff;\">ageloc galvanic spa system ii<\/span>\u00a0<\/strong><\/span><\/span><span style=\"font-size: 12pt;\">ch\u00ednh l\u00e0 s\u1ea3n ph\u1ea9m massage m\u1eb7t l\u00e0m gi\u1ea3m n\u1ebfp nh\u0103n, m\u1edd c\u00e1c d\u1ea5u hi\u1ec7u l\u00e3o h\u00f3a v\u1edbi c\u00f4ng ngh\u1ec7 ti\u00ean ti\u1ebfn t\u1eddi t\u1eeb M\u1ef9. Ch\u1ec9 c\u1ea7n s\u1eed d\u1ee5ng m\u00e1y n\u00e0y th\u01b0\u1eddng xuy\u00ean b\u1ea1n s\u1ebd c\u1ea3m th\u1ea5y:<\/span><\/p>\n<p><span style=\"font-size: 12pt;\">&#8211; Da m\u1eb7t tr\u1edf n\u00ean s\u0103n ch\u1eafc, c\u0103ng m\u1ecbn h\u01a1n<\/span><\/p>\n<p><span style=\"font-size: 12pt;\">&#8211; V\u1ebft nh\u0103n, v\u1ebft ch\u00e2n chim m\u1edd \u0111i tr\u00f4ng th\u1ea5y<\/span><\/p>\n<p><span style=\"font-size: 12pt;\">&#8211;\u00a0<\/span><span style=\"font-size: 12pt;\">Nh\u1eefng \u0111\u1ea7u hi\u1ec7u l\u00e3o h\u00f3a b\u1ecb \u0111\u1ea9y l\u00f9i<\/span><\/p>\n<p><span style=\"font-size: 12pt;\">&#8211; L<\/span><span style=\"font-size: 12pt; text-align: justify;\">\u00e0n da tr\u1edf n\u00ean s\u00e1ng h\u01a1n, \u0111\u1ed9 \u0111\u00e0n h\u1ed3i c\u1ee7a da t\u0103ng l\u00ean<\/span><\/p>\n<p><span style=\"font-size: 12pt; text-align: justify;\">&#8211; Lo\u1ea1i b\u1ecf c\u00e1c t\u1ea1p ch\u1ea5t tr\u00ean da, gi\u00fap l\u00e0n da h\u1ea5p th\u1ee5 c\u00e1c d\u01b0\u1ee1ng ch\u1ea5t t\u1ed1t h\u01a1n.<\/span><\/p>\n<p style=\"text-align: center;\"><span style=\"font-size: 12pt; color: #3366ff;\"><strong>Ch\u1ec9 v\u1edbi 10 ph\u00fat s\u1eed d\u1ee5ng m\u1ed7i ng\u00e0y<\/strong>, b\u1ea1n s\u1ebd c\u1ea3m th\u1ea5y l\u00e0n da m\u00ecnh thay \u0111\u1ed5i r\u00f5 r\u1ec7t. Khi k\u1ebft h\u1ee3p c\u00f9ng c\u00e1c s\u1ea3n ph\u1ea9m ch\u0103m s\u00f3c da t\u1eeb Nuskin, hi\u1ec7u qu\u1ea3 l\u00e0m \u0111\u1eb9p ph\u00e1t huy t\u1ed1t nh\u1ea5t<\/span><\/p>\n<p><img loading=\"lazy\" class=\"aligncenter wp-image-1296 size-full\" src=\"https:\/\/tuongvibeauty.com\/wp-content\/uploads\/2019\/06\/m_y_n_ng_c__m_t_galvanic_face_spa_grande.jpg\" alt=\"\" width=\"600\" height=\"514\" srcset=\"https:\/\/tuongvibeauty.com\/wp-content\/uploads\/2019\/06\/m_y_n_ng_c__m_t_galvanic_face_spa_grande.jpg 600w, https:\/\/tuongvibeauty.com\/wp-content\/uploads\/2019\/06\/m_y_n_ng_c__m_t_galvanic_face_spa_grande-300x257.jpg 300w\" sizes=\"(max-width: 600px) 100vw, 600px\" \/><\/p>\n<h3 style=\"text-align: justify;\"><span style=\"font-size: 15pt; color: #3366ff;\"><strong>C\u00d4NG NGH\u1ec6 L\u00c0M \u0110\u1eb8P AGELOC<\/strong>\u00a0<strong>&#8211; C\u00d4NG NGH\u1ec6 L\u00c0M \u0110\u1eb8P TH\u1edcI \u0110\u1ea0I M\u1edaI<\/strong><\/span><\/h3>\n<p style=\"text-align: justify;\"><span style=\"font-size: 12pt;\">\u0110\u1ec3 c\u00f3 th\u1ec3 hi\u1ec3u r\u00f5 h\u01a1n c\u01a1 ch\u1ebf ho\u1ea1t \u0111\u1ed9ng c\u1ee7a m\u00e1y. B\u1ea1n c\u1ea7n n\u1eafm r\u00f5 c\u00f4ng ngh\u1ec7 ageloc c\u1ee7a ri\u00eang d\u00f2ng m\u00e1y n\u00e0y.<\/span><\/p>\n<p style=\"text-align: justify;\"><span style=\"font-size: 12pt;\">M\u00e1y ho\u1ea1t \u0111\u1ed9ng d\u1ef1a theo hai b\u01b0\u1edbc c\u0103n b\u1ea3n<\/span><\/p>\n<p style=\"text-align: justify;\"><span style=\"font-size: 12pt;\"><span style=\"color: #000000;\"><strong><em>B\u01b0\u1edbc 1<\/em><\/strong>:<\/span>\u00a0Ti\u1ec1n tr\u1ecb li\u1ec7u<\/span><\/p>\n<p style=\"text-align: justify;\"><span style=\"font-size: 12pt;\">Ch\u00ednh l\u00e0 b\u01b0\u1edbc cung c\u1ea5p c\u00e1c d\u01b0\u1ee1ng ch\u1ea5t c\u1ea7n thi\u1ebft cho da sau khi l\u00e0n da \u0111\u01b0\u1ee3c r\u1eeda s\u1ea1ch s\u1ebd. \u0110\u1ec3 da kh\u00f4ng b\u1ecb kh\u00f4, b\u1ea1n c\u1ea7n th\u00eam toner \u0111\u1ec3 c\u1ea7n b\u1eb1ng \u0111\u1ed9 pH cho da.<\/span><\/p>\n<p style=\"text-align: justify;\"><span style=\"font-size: 12pt;\">Gel Pre- treatment l\u00e0 gel tr\u1eafng tr\u1ecb li\u1ec7u g\u1ed3m nh\u1eefng th\u00e0nh ph\u1ea7n nh\u01b0 Marigold Extract , Sea Kelp, Vanilla Extract gi\u00fap c\u00e2n b\u1eb1ng l\u00e0n da. Nh\u1eefng ch\u1ea5t n\u00e0y gi\u00fap l\u00e0m tan ch\u1ea5t b\u1ea9n, t\u00edch \u0111i\u1ec7m \u00e2m \u0111\u1ec3 h\u00fat h\u1ebft ch\u1ea5t b\u1ea9n ra ngo\u00e0i.<\/span><\/p>\n<p style=\"text-align: justify;\"><span style=\"font-size: 12pt;\"><span style=\"color: #000000;\"><strong><em>B\u01b0\u1edbc 2<\/em><\/strong>:<\/span>\u00a0Tr\u1ecb li\u1ec7u<\/span><\/p>\n<ul style=\"text-align: justify;\">\n<li><span style=\"font-size: 12pt;\">L\u00e0n da s\u1ebd \u0111\u01b0\u1ee3c lau kh\u00f4 gel tr\u1eafng \u0111\u1ec3 b\u1eaft \u0111\u1ea7u b\u01b0\u1edbc ti\u1ebfp theo.<\/span><\/li>\n<li><span style=\"font-size: 12pt;\">Gel treatment g\u1ed3m Argimine, Amino Acid gi\u00fap l\u00e0n da ph\u1ee5c h\u1ed3i, sau \u0111\u00f3 Magnesium k\u00edch th\u00edch n\u0103ng l\u01b0\u1ee3ng c\u1ee7a c\u00e1c t\u1ebf b\u00e0o, \u0111\u1ea9y ch\u1ea5t dinh d\u01b0\u1ee1ng v\u00e0o v\u00e0 h\u00fat h\u1ebft t\u1ea1p ch\u1ea5t ra ngo\u00e0i.<\/span><\/li>\n<\/ul>\n<p style=\"text-align: center;\"><span style=\"color: #3366ff;\"><span style=\"font-size: 12pt;\">H\u00e3y d\u00f9ng ngay\u00a0<\/span><span style=\"font-size: 12pt;\"><strong>Galvanic Face Spa<\/strong>\u00a0\u0111\u1ec3 tu\u1ed5i t\u00e1c v\u00e0 s\u1ef1 gi\u00e0 nua kh\u00f4ng c\u00f2n l\u00e0 n\u1ed7i lo \u00e2u ti\u1ebfc nu\u1ed1i thanh xu\u00e2n c\u1ee7a b\u1ea1n<\/span><\/span><\/p>\n<p><iframe loading=\"lazy\" src=\"https:\/\/www.youtube.com\/embed\/tqGQFiC6dvo\" width=\"560\" height=\"315\" frameborder=\"0\" allowfullscreen=\"allowfullscreen\"><\/iframe><\/p>\n<p><img loading=\"lazy\" class=\"aligncenter wp-image-1297 size-full\" src=\"https:\/\/tuongvibeauty.com\/wp-content\/uploads\/2019\/06\/galvanic_spa_-_1_2996cbc986934ed5977ce0e2007697e0_grande.png\" alt=\"\" width=\"600\" height=\"400\" srcset=\"https:\/\/tuongvibeauty.com\/wp-content\/uploads\/2019\/06\/galvanic_spa_-_1_2996cbc986934ed5977ce0e2007697e0_grande.png 600w, https:\/\/tuongvibeauty.com\/wp-content\/uploads\/2019\/06\/galvanic_spa_-_1_2996cbc986934ed5977ce0e2007697e0_grande-300x200.png 300w\" sizes=\"(max-width: 600px) 100vw, 600px\" \/><\/p>\n<h3 style=\"text-align: justify;\"><span style=\"font-size: 15pt;\"><span style=\"color: #3366ff;\"><span style=\"font-size: 15pt; color: #3366ff;\"><b>C\u01a0 CH\u1ebe <\/b><\/span><span style=\"color: #3366ff;\"><span style=\"font-size: 20px;\"><b>HO\u1ea0T<\/b><\/span><\/span><span style=\"font-size: 15pt; color: #3366ff;\"><b> \u0110\u1ed8NG AGELOC GALVANIC SPA<\/b><\/span><\/span><\/span><\/h3>\n<p style=\"text-align: justify;\"><span style=\"font-size: 12pt;\">H\u00e3y tu\u00e2n th\u1ee7 theo h\u01b0\u1edbng d\u1eabn s\u1eed d\u1ee5ng m\u00e1y.\u00a0<\/span><span style=\"font-size: 12pt;\">T\u00f9y theo c\u01a1 \u0111\u1ecba c\u1ee7a m\u00ecnh, x\u00e1c \u0111\u1ecbnh xem t\u00ecnh tr\u1ea1ng da c\u1ee7a m\u00ecnh nh\u01b0 th\u1ebf n\u00e0o \u0111\u1ec3 ch\u1ecdn li\u1ec7u tr\u00ecnh ph\u00f9 h\u1ee3p.<\/span><\/p>\n<p style=\"text-align: justify;\"><span style=\"font-size: 12pt;\">&#8211; M\u00e1y massage m\u1eb7t c\u00f3 4 \u0111\u1ea7u massage c\u01a1 b\u1ea3n cho t\u1eebng t\u00ecnh tr\u1ea1ng da kh\u00e1c nhau nh\u01b0 Face conductor, Spot treatment conductor, Body conductor v\u00e0 Scalp conductor.<\/span><\/p>\n<p style=\"text-align: justify;\"><span style=\"font-size: 12pt;\">&#8211; Thoa gel l\u00ean m\u1eb7t v\u00e0 massage nh\u1eb9 nh\u00e0ng. Kh\u00f4ng massage qu\u00e1 l\u00e2u c\u0169ng nh\u01b0 kh\u00f4ng n\u00ean thoa gel h\u1ebft l\u00ean to\u00e0n b\u1ed9 khu\u00f4n m\u1eb7t.<\/span><\/p>\n<p style=\"text-align: justify;\"><span style=\"font-size: 12pt;\">&#8211; Lu\u00f4n gi\u1eef b\u00e0n tay \u1ea9m khi massage m\u1eb7t. \u0110\u1ed3ng th\u1eddi m<\/span><span style=\"font-size: 12pt;\">assage theo chi\u1ec1u h\u01b0\u1edbng \u0111i l\u00ean \u0111\u1ec3 da kh\u00f4ng b\u1ecb ch\u1ea3y x\u1ec7. M<\/span><span style=\"font-size: 12pt;\">assage theo t\u1eebng v\u00f9ng da kh\u00e1c nhau theo h\u01b0\u1edbng d\u1eabn.<\/span><\/p>\n<p style=\"text-align: justify;\"><span style=\"font-size: 12pt;\">&#8211;\u00a0<\/span><span style=\"font-size: 12pt;\">V\u00ec l\u00e0 thi\u1ebft b\u1ecb n\u00ean b\u1ea1n c\u1ea7n c\u1ea9n th\u1eadn trong khi s\u1eed d\u1ee5ng. M\u00e1y s\u1ebd c\u00f3 c\u01a1 ch\u1ebf t\u1ef1 \u0111\u1ed9ng ng\u1eaft \u0111i\u1ec7n n\u00ean khi s\u1eed d\u1ee5ng b\u1ea1n n\u00ean l\u01b0u \u00fd v\u1ea5n \u0111\u1ec1 n\u00e0y.<\/span><\/p>\n<p style=\"text-align: justify;\"><span style=\"font-size: 12pt;\">\u0110\u1ec3 \u0111\u1ea1t \u0111\u01b0\u1ee3c hi\u1ec7u qu\u1ea3 t\u1ed1t nh\u1ea5t, b\u1ea1n n\u00ean li\u00ean h\u1ec7 t\u1edbi c\u00e1c \u0111\u1ea1i l\u00fd Nukin \u0111\u1ec3 \u00a0t\u01b0 v\u1ea5n r\u00f5 v\u1ec1 t\u00ecnh tr\u1ea1ng da c\u1ee7a m\u00ecnh.<\/span><\/p>\n<p style=\"text-align: center;\"><span style=\"font-size: 12pt; color: #3366ff;\">\u0110\u1ec3 qu\u00e1 tr\u00ecnh l\u00e3o h\u00f3a kh\u00f4ng c\u00f2n l\u00e0 \u0111i\u1ec1u g\u00ec qu\u00e1 \u0111\u00e1ng s\u1ee3, vi\u1ec7c b\u1ea1n c\u1ea7n l\u00e0m ch\u1ec9 l\u00e0 nu\u00f4i d\u01b0\u1ee1ng t\u00e2m h\u1ed3n tr\u1ebb trung t\u1eeb b\u00ean trong, th\u1ef1c hi\u1ec7n l\u1ed1i s\u1ed1ng l\u00e0nh m\u1ea1nh c\u00f9ng v\u1edbi\u00a0<strong>Galvanic Face Spa<\/strong>\u00a0\u0111\u1ec3 l\u00e0n da lu\u00f4n \u0111\u01b0\u1ee3c ch\u0103m s\u00f3c t\u1ed1t nh\u1ea5t c\u00f3 th\u1ec3<\/span><\/p>\n<p><img loading=\"lazy\" class=\"aligncenter wp-image-1298 size-large\" src=\"https:\/\/tuongvibeauty.com\/wp-content\/uploads\/2019\/06\/ZEN_0891-683x1024.jpg\" alt=\"\" width=\"683\" height=\"1024\" srcset=\"https:\/\/tuongvibeauty.com\/wp-content\/uploads\/2019\/06\/ZEN_0891-683x1024.jpg 683w, https:\/\/tuongvibeauty.com\/wp-content\/uploads\/2019\/06\/ZEN_0891-200x300.jpg 200w, https:\/\/tuongvibeauty.com\/wp-content\/uploads\/2019\/06\/ZEN_0891-768x1152.jpg 768w, https:\/\/tuongvibeauty.com\/wp-content\/uploads\/2019\/06\/ZEN_0891-600x900.jpg 600w, https:\/\/tuongvibeauty.com\/wp-content\/uploads\/2019\/06\/ZEN_0891.jpg 1000w\" sizes=\"(max-width: 683px) 100vw, 683px\" \/><\/p>\n<p>&nbsp;<\/p>\n<p>&nbsp;<\/p>\n<p>&nbsp;<\/p>\n<p>&nbsp;<\/p>\n<p>&nbsp;<\/p>\n<p>&nbsp;<\/p>\n<p>&nbsp;<\/p>\n<p>&nbsp;<\/p>\n<p>&nbsp;<\/p>\n<p>&nbsp;<\/p>\n<p>&nbsp;<\/p>\n<p>&nbsp;<\/p>\n<p>&nbsp;<\/p>\n<p>&nbsp;<\/p>\n<p>&nbsp;<\/p>\n","protected":false},"excerpt":{"rendered":"<p>B\u1ed9 s\u1ea3n ph\u1ea9m\u00a0m\u00e1y n\u00e2ng c\u01a1 m\u1eb7t Galvanic Face Spa\u00a0ch\u00ednh l\u00e0 s\u1ea3n ph\u1ea9m gi\u00fap cho b\u1ea1n c\u1ea3m th\u1ea5y qu\u00e1 tr\u00ecnh l\u00e3o h\u00f3a kh\u00f4ng qu\u00e1 \u201c\u0111\u00e1ng s\u1ee3\u201d nh\u01b0 b\u1ea1n ngh\u0129. Tr\u1ea3i nghi\u1ec7m m\u00e1y Galvanic Face Spa ngay h\u00f4m nay \u0111\u1ec3 ph\u1ee5c h\u1ed3i &amp; t\u00e1i t\u1ea1o l\u00e0n da t\u01b0\u01a1i tr\u1ebb t\u1ee9c th\u00ec. T\u1ea0I SAO B\u1ea0N N\u00caN S\u1eec D\u1ee4NG [&#8230;]\n","protected":false},"featured_media":1300,"comment_status":"open","ping_status":"closed","template":"","meta":[],"_links":{"self":[{"href":"https:\/\/tuongvibeauty.com\/index.php?rest_route=\/wp\/v2\/product\/1647"}],"collection":[{"href":"https:\/\/tuongvibeauty.com\/index.php?rest_route=\/wp\/v2\/product"}],"about":[{"href":"https:\/\/tuongvibeauty.com\/index.php?rest_route=\/wp\/v2\/types\/product"}],"replies":[{"embeddable":true,"href":"https:\/\/tuongvibeauty.com\/index.php?rest_route=%2Fwp%2Fv2%2Fcomments&post=1647"}],"wp:featuredmedia":[{"embeddable":true,"href":"https:\/\/tuongvibeauty.com\/index.php?rest_route=\/wp\/v2\/media\/1300"}],"wp:attachment":[{"href":"https:\/\/tuongvibeauty.com\/index.php?rest_route=%2Fwp%2Fv2%2Fmedia&parent=1647"}],"curies":[{"name":"wp","href":"https:\/\/api.w.org\/{rel}","templated":true}]}}