{"id":1554,"date":"2019-06-28T17:01:00","date_gmt":"2019-06-28T10:01:00","guid":{"rendered":"https:\/\/tuongvibeauty.com\/?post_type=product&#038;p=1554"},"modified":"2019-07-01T08:44:46","modified_gmt":"2019-07-01T01:44:46","slug":"sua-rua-mat-ageloc-lumispa-danh-cho-da-nhay-cam","status":"publish","type":"product","link":"https:\/\/tuongvibeauty.com\/?product=sua-rua-mat-ageloc-lumispa-danh-cho-da-nhay-cam","title":{"rendered":"S\u1eefa r\u1eeda m\u1eb7t ageLOC Lumispa d\u00e0nh cho da nh\u1ea1y c\u1ea3m"},"content":{"rendered":"<h3 style=\"text-align: justify;\"><strong>\u0110\u1eb6C \u0110I\u1ec2M C\u1ee6A DA NH\u1ea0Y C\u1ea2M\u00a0<\/strong><\/h3>\n<p><img loading=\"lazy\" class=\"aligncenter wp-image-1549 size-full\" src=\"https:\/\/tuongvibeauty.com\/wp-content\/uploads\/2019\/06\/phan-cac-loai-da_grande-1.jpg\" alt=\"\" width=\"600\" height=\"600\" srcset=\"https:\/\/tuongvibeauty.com\/wp-content\/uploads\/2019\/06\/phan-cac-loai-da_grande-1.jpg 600w, https:\/\/tuongvibeauty.com\/wp-content\/uploads\/2019\/06\/phan-cac-loai-da_grande-1-150x150.jpg 150w, https:\/\/tuongvibeauty.com\/wp-content\/uploads\/2019\/06\/phan-cac-loai-da_grande-1-300x300.jpg 300w, https:\/\/tuongvibeauty.com\/wp-content\/uploads\/2019\/06\/phan-cac-loai-da_grande-1-100x100.jpg 100w\" sizes=\"(max-width: 600px) 100vw, 600px\" \/><\/p>\n<p style=\"text-align: justify;\"><span style=\"font-size: 12pt;\">\u00a0B\u1ea1n c\u00f3 bi\u1ebft, \u2018Lipid\u201d l\u00e0 th\u00e0nh ph\u1ea7n c\u1ea5u t\u1ea1o x\u00e2y d\u1ef1ng t\u00ednh \u1ed5n \u0111\u1ecbnh v\u00e0 duy tr\u00ec \u0111\u1ed9 \u0111\u00e0n h\u1ed3i s\u0103n ch\u1eafc cho da. V\u00ec th\u1ebf, qu\u00e1 tr\u00ecnh c\u00e2n b\u1eb1ng c\u1ee7a l\u00e0n da \u0111\u01b0\u1ee3c th\u1ef1c hi\u1ec7n t\u1eeb c\u00e1c t\u1ebf b\u00e0o v\u00e0 lipids n\u00e0y. L\u00e0n da kh\u1ecfe m\u1ea1nh lu\u00f4n t\u1ef1 \u0111\u1ed9ng c\u00e2n b\u1eb1ng, b\u1ea3o v\u1ec7 ch\u1ed1ng l\u1ea1i nh\u1eefng \u1ea3nh h\u01b0\u1edfng t\u1eeb b\u00ean ngo\u00e0i v\u00e0 t\u1ef1 \u0111i\u1ec1u ch\u1ec9nh \u0111\u1ed9 \u1ea9m tr\u00ean da.<\/span><\/p>\n<p style=\"text-align: justify;\"><span style=\"font-size: 12pt;\">Tuy nhi\u00ean, n\u1ebfu b\u1ea1n l\u00e0 m\u1ed9t c\u00f4 g\u00e1i c\u00f3 l\u00e0n da nh\u1ea1y c\u1ea3m, th\u00ec r\u1ea5t d\u1ec5 d\u00e0ng nh\u1eadn bi\u1ebft \u1edf da m\u1eb7t. Khi qu\u00e1 tr\u00ecnh t\u1ef1 b\u1ea3o v\u1ec7 tr\u1edf n\u00ean y\u1ebfu \u0111i, c\u00f3 ngh\u0129a l\u00e0 da c\u1ee7a b\u1ea1n s\u1ebd b\u1eaft \u0111\u1ea7u nh\u1ea1y c\u1ea3m v\u1edbi m\u1ecdi th\u1ee9.<\/span><\/p>\n<p style=\"text-align: justify;\"><span style=\"font-size: 12pt;\">Da nh\u1ea1y c\u1ea3m c\u00f3 nh\u1eefng bi\u1ec3u hi\u1ec7n g\u00ec? H\u00e3y xem \u0111\u1ec3 bi\u1ebft da m\u00ecnh c\u00f3 nh\u1ea1y c\u1ea3m kh\u00f4ng nh\u00e9!<\/span><\/p>\n<ul>\n<li><span style=\"font-size: 12pt;\">Th\u1ee9 nh\u1ea5t l\u00e0 c\u00f3 c\u1ea3m gi\u00e1c c\u0103ng ng\u1ee9a kh\u00f3 ch\u1ecbu. M\u00e0 nguy\u00ean nh\u00e2n ch\u00ednh l\u00e0 do r\u1eeda m\u1eb7t qu\u00e1 nhi\u1ec1u b\u1eb1ng n\u01b0\u1edbc n\u00f3ng khi\u1ebfn l\u00e0n da m\u1ea5t \u0111i nh\u00e2n t\u1ed1 d\u01b0\u1ee1ng \u1ea9m t\u1ef1 nhi\u00ean v\u00e0 l\u1edbp lipid b\u1ea3o v\u1ec7.<\/span><\/li>\n<li><span style=\"font-size: 110%;\">Th\u1ee9 hai l\u00e0 x\u1ea3y ra hi\u1ec7n t\u01b0\u1ee3ng da bong tr\u00f3c, m\u1ea9n \u0111\u1ecf, s\u01b0ng t\u1ea5y, \u0111\u00f3ng v\u1ea9y s\u1ea7n s\u00f9i. M\u1ea9n \u0111\u1ecf c\u00f3 th\u1ec3 xu\u1ea5t hi\u1ec7n sau khi b\u1ea1n r\u1eeda m\u1eb7t, \u0111\u1ee9ng n\u1eafng ho\u1eb7c g\u1eb7p m\u1ed9t c\u01a1n gi\u00f3 l\u1ea1. Nguy\u00ean nh\u00e2n c\u1ee7a s\u1ef1 bong tr\u00f3c c\u00f3 th\u1ec3 \u0111\u1ebfn t\u1eeb vi\u1ec7c l\u1ea1m d\u1ee5ng c\u00e1c s\u1ea3n ph\u1ea9m t\u1ea9y da h\u00f3a h\u1ecdc.<\/span><\/li>\n<li><span style=\"font-size: 12pt;\">Th\u1ee9 ba, nh\u1eefng s\u1ea3n ph\u1ea9m ch\u0103m s\u00f3c da th\u00f4ng th\u01b0\u1eddng s\u1ebd g\u00e2y c\u1ea3m gi\u00e1c th\u00f4 r\u00e1t.<\/span><\/li>\n<\/ul>\n<p>Nh\u1ea5t l\u00e0 khi th\u1eddi ti\u1ebft thay \u0111\u1ed5i th\u1ea5t th\u01b0\u1eddng, qu\u00e1 n\u00f3ng ho\u1eb7c qu\u00e1 l\u1ea1nh, da kh\u00f4ng th\u1ec3 n\u00e0o th\u00edch \u1ee9ng \u0111\u01b0\u1ee3c. \u0110\u1ed1i v\u1edbi tia c\u1ef1c t\u00edm c\u0169ng kh\u00f3 m\u00e0 ch\u1ed1ng \u0111\u1ee1.<\/p>\n<p><img loading=\"lazy\" class=\"aligncenter wp-image-1555 size-full\" src=\"https:\/\/tuongvibeauty.com\/wp-content\/uploads\/2019\/06\/da-dep_grande.jpg\" alt=\"\" width=\"600\" height=\"420\" srcset=\"https:\/\/tuongvibeauty.com\/wp-content\/uploads\/2019\/06\/da-dep_grande.jpg 600w, https:\/\/tuongvibeauty.com\/wp-content\/uploads\/2019\/06\/da-dep_grande-300x210.jpg 300w\" sizes=\"(max-width: 600px) 100vw, 600px\" \/><\/p>\n<p style=\"text-align: justify;\"><span style=\"font-size: 12pt;\">V\u00ec th\u1ebf, b\u1ea1n c\u1ea7n ph\u1ea3i bi\u1ebft c\u00e1ch ch\u0103m s\u00f3c da nh\u1ea1y c\u1ea3m. B\u1ea1n c\u00f3 th\u1ec3 tham kh\u1ea3o m\u1ed9t s\u1ed1 ph\u01b0\u01a1ng ph\u00e1p d\u01b0\u1edbi \u0111\u00e2y v\u00e0 k\u1ebft h\u1ee3p s\u1eed d\u1ee5ng<strong>.<\/strong><\/span><\/p>\n<ul style=\"text-align: justify;\">\n<li><span style=\"font-size: 12pt;\">Ch\u1ebf \u0111\u1ed9 \u0103n u\u1ed1ng c\u00e2n b\u1eb1ng, l\u00e0nh m\u1ea1nh. B\u1ed5 sung nhi\u1ec1u ch\u1ea5t ch\u1ed1ng oxy h\u00f3a, vitamin, d\u1ea7u th\u1ef1c v\u1eadt, u\u1ed1ng nhi\u1ec1u n\u01b0\u1edbc.<\/span><\/li>\n<li><span style=\"font-size: 12pt;\">Gi\u1eef tr\u1ea1ng th\u00e1i vui t\u01b0\u01a1i, s\u1ed1ng thanh c\u1ea3nh, gi\u1ea3m t\u1ea3i stress \u0111i. Khi b\u1ea1n bu\u1ed3n th\u00ec n\u00e9t m\u1eb7t s\u1ebd nh\u0103n l\u1ea1i, kh\u00f4ng h\u1ec1 t\u1ed1t cho da t\u00ed n\u00e0o c\u1ea3.<\/span><\/li>\n<li><span style=\"font-size: 12pt;\">Quan tr\u1ecdng nh\u1ea5t l\u00e0 duy tr\u00ec vi\u1ec7c ch\u0103m s\u00f3c d\u01b0\u1ee1ng \u1ea9m cho da, l\u1ef1a ch\u1ecdn s\u1ea3n ph\u1ea9m ph\u00f9 h\u1ee3p. M\u00ecnh khuy\u00ean b\u1ea1n n\u00ean s\u1eed d\u1ee5ng\u00a0<strong>s\u1eefa r\u1eeda m\u1eb7t lumispa <\/strong>c\u1ee7a Nu Skin<strong>.<\/strong><\/span><\/li>\n<li><img loading=\"lazy\" class=\"aligncenter wp-image-1291 size-full\" src=\"https:\/\/tuongvibeauty.com\/wp-content\/uploads\/2019\/06\/sua-rua-mat-ageloc-lumispa-da-nhay-cam-4_grande.jpg\" alt=\"\" width=\"600\" height=\"600\" srcset=\"https:\/\/tuongvibeauty.com\/wp-content\/uploads\/2019\/06\/sua-rua-mat-ageloc-lumispa-da-nhay-cam-4_grande.jpg 600w, https:\/\/tuongvibeauty.com\/wp-content\/uploads\/2019\/06\/sua-rua-mat-ageloc-lumispa-da-nhay-cam-4_grande-150x150.jpg 150w, https:\/\/tuongvibeauty.com\/wp-content\/uploads\/2019\/06\/sua-rua-mat-ageloc-lumispa-da-nhay-cam-4_grande-300x300.jpg 300w, https:\/\/tuongvibeauty.com\/wp-content\/uploads\/2019\/06\/sua-rua-mat-ageloc-lumispa-da-nhay-cam-4_grande-100x100.jpg 100w\" sizes=\"(max-width: 600px) 100vw, 600px\" \/><\/li>\n<\/ul>\n<h4 style=\"text-align: justify;\"><strong>TH\u00c0NH PH\u1ea6N CH\u00cdNH C\u1ee6A<\/strong>\u00a0<strong>S\u1eeeA R\u1eecA M\u1eb6T AGELOC\u00a0<\/strong><\/h4>\n<p style=\"text-align: justify;\"><span style=\"font-size: 12pt;\"><strong>\u00a0S\u1eefa r\u1eeda m\u1eb7t ageloc<\/strong>\u00a0d\u00e0nh cho da nh\u1ea1y c\u1ea3m \u0111\u01b0\u1ee3c nghi\u00ean c\u1ee9u v\u1edbi c\u00f4ng th\u1ee9c nh\u1eb9 nh\u00e0ng nh\u1ea5t. \u0110\u00e2y l\u00e0 lo\u1ea1i s\u1eefa d\u1ea1ng gel h\u1ed3ng, ch\u1ec9 t\u00e1c \u0111\u1ed9ng nh\u1eb9 nh\u00e0ng l\u00ean b\u1ec1 m\u1eb7t da. V\u00ec th\u1ebf, b\u1ea1n s\u1ebd th\u1ea5y, ageloc lumispa kh\u00f4ng t\u1ea1o n\u00ean l\u01b0\u1ee3ng b\u1ecdt kh\u1ed5ng l\u1ed3 nh\u01b0 c\u00e1c lo\u1ea1i s\u1eefa r\u1eeda m\u1eb7t th\u00f4ng th\u01b0\u1eddng kh\u00e1c.<\/span><\/p>\n<p style=\"text-align: justify;\"><span style=\"font-size: 12pt;\">Chi\u1ebft xu\u1ea5t Avena Sativa \u2013 m\u1ed9t lo\u1ea1i y\u1ebfn m\u1ea1ch gi\u00fap d\u01b0\u1ee1ng da \u00eam d\u1ecbu. N\u1eef di\u1ec5n vi\u00ean Meghan Markle \u0111\u00e3 s\u1eed d\u1ee5ng y\u1ebfn m\u1ea1ch \u0111\u1ec3 ch\u0103m s\u00f3c s\u1ee9c kh\u1ecfe v\u00e0 gi\u1eef tr\u1ecdn s\u1eafc \u0111\u1eb9p c\u1ee7a m\u00ecnh<\/span><\/p>\n<p>&nbsp;<\/p>\n<p>&nbsp;<\/p>\n<p>&nbsp;<\/p>\n<p>&nbsp;<\/p>\n<p>&nbsp;<\/p>\n<p>&nbsp;<\/p>\n<p>&nbsp;<\/p>\n<p>&nbsp;<\/p>\n","protected":false},"excerpt":{"rendered":"<p>\u0110\u1eb6C \u0110I\u1ec2M C\u1ee6A DA NH\u1ea0Y C\u1ea2M\u00a0 \u00a0B\u1ea1n c\u00f3 bi\u1ebft, \u2018Lipid\u201d l\u00e0 th\u00e0nh ph\u1ea7n c\u1ea5u t\u1ea1o x\u00e2y d\u1ef1ng t\u00ednh \u1ed5n \u0111\u1ecbnh v\u00e0 duy tr\u00ec \u0111\u1ed9 \u0111\u00e0n h\u1ed3i s\u0103n ch\u1eafc cho da. V\u00ec th\u1ebf, qu\u00e1 tr\u00ecnh c\u00e2n b\u1eb1ng c\u1ee7a l\u00e0n da \u0111\u01b0\u1ee3c th\u1ef1c hi\u1ec7n t\u1eeb c\u00e1c t\u1ebf b\u00e0o v\u00e0 lipids n\u00e0y. L\u00e0n da kh\u1ecfe m\u1ea1nh lu\u00f4n t\u1ef1 [&#8230;]\n","protected":false},"featured_media":1556,"comment_status":"open","ping_status":"closed","template":"","meta":[],"_links":{"self":[{"href":"https:\/\/tuongvibeauty.com\/index.php?rest_route=\/wp\/v2\/product\/1554"}],"collection":[{"href":"https:\/\/tuongvibeauty.com\/index.php?rest_route=\/wp\/v2\/product"}],"about":[{"href":"https:\/\/tuongvibeauty.com\/index.php?rest_route=\/wp\/v2\/types\/product"}],"replies":[{"embeddable":true,"href":"https:\/\/tuongvibeauty.com\/index.php?rest_route=%2Fwp%2Fv2%2Fcomments&post=1554"}],"wp:featuredmedia":[{"embeddable":true,"href":"https:\/\/tuongvibeauty.com\/index.php?rest_route=\/wp\/v2\/media\/1556"}],"wp:attachment":[{"href":"https:\/\/tuongvibeauty.com\/index.php?rest_route=%2Fwp%2Fv2%2Fmedia&parent=1554"}],"curies":[{"name":"wp","href":"https:\/\/api.w.org\/{rel}","templated":true}]}}