{"id":1538,"date":"2019-06-28T16:16:05","date_gmt":"2019-06-28T09:16:05","guid":{"rendered":"https:\/\/tuongvibeauty.com\/?post_type=product&#038;p=1538"},"modified":"2019-06-28T18:20:50","modified_gmt":"2019-06-28T11:20:50","slug":"mat-na-face-lift-activator-original-formula","status":"publish","type":"product","link":"https:\/\/tuongvibeauty.com\/?product=mat-na-face-lift-activator-original-formula","title":{"rendered":"M\u1eb7t N\u1ea1 L\u00e0m S\u0103n Ch\u1eafc Da Face Lift Powder Original Formula (125ml)"},"content":{"rendered":"<p>Ai ai c\u0169ng bi\u1ebft l\u00e0n da kh\u00f4ng nh\u1eefng l\u00e0 m\u1ed9t b\u1ed9 ph\u1eadn quan tr\u1ecdng gi\u00fap b\u1ea3o v\u1ec7 c\u01a1 th\u1ec3, b\u00ean c\u1ea1nh \u0111\u00f3 n\u00f3 l\u00e0 m\u1ed9t th\u00e0nh ph\u1ea7n kh\u00f4ng th\u1ec3 thi\u1ebft g\u00f3p ph\u1ea7n x\u00e2y d\u1ef1ng n\u00ean n\u00e9t \u0111\u1eb9p ri\u00eang c\u1ee7a con ng\u01b0\u1eddi. Nh\u1eb1m h\u01b0\u1edbng t\u1edbi m\u1ed9t v\u1ebb \u0111\u1eb9p t\u1ef1 nhi\u00ean v\u00e0 r\u1ea1ng ng\u1eddi, m\u1eb7t n\u1ea1\u00a0<strong>Face Lift Activator\u00a0 (Original Formula)<\/strong>\u00a0\u0111em \u0111\u1ebfn m\u1ed9t gi\u1ea3i ph\u00e1p ho\u00e0n ch\u1ec9nh \u0111\u1ec3 gi\u00fap b\u1ea1n t\u1ecfa s\u00e1ng m\u1ed7i ng\u00e0y.<\/p>\n<p><img loading=\"lazy\" class=\"aligncenter wp-image-1539 size-full\" src=\"https:\/\/tuongvibeauty.com\/wp-content\/uploads\/2019\/06\/face-lift-activator_grande.jpg\" alt=\"\" width=\"600\" height=\"600\" srcset=\"https:\/\/tuongvibeauty.com\/wp-content\/uploads\/2019\/06\/face-lift-activator_grande.jpg 600w, https:\/\/tuongvibeauty.com\/wp-content\/uploads\/2019\/06\/face-lift-activator_grande-150x150.jpg 150w, https:\/\/tuongvibeauty.com\/wp-content\/uploads\/2019\/06\/face-lift-activator_grande-300x300.jpg 300w, https:\/\/tuongvibeauty.com\/wp-content\/uploads\/2019\/06\/face-lift-activator_grande-100x100.jpg 100w\" sizes=\"(max-width: 600px) 100vw, 600px\" \/><\/p>\n<h2 style=\"text-align: justify;\"><strong>TH\u00c0NH PH\u1ea6N C\u1ee6A S\u1ea2N PH\u1ea8M<\/strong>\u00a0<strong>FACE LIFT ACTIVATOR\u00a0 (ORIGINAL FORMULA)<\/strong><\/h2>\n<p style=\"text-align: justify;\">Hi\u1ec3u \u0111\u01b0\u1ee3c nhu c\u1ea7u l\u00e0m \u0111\u1eb9p c\u1ee7a \u0111\u00f4ng \u0111\u1ea3o ch\u1ecb em ph\u1ee5 n\u1eef trong vi\u1ec7c ch\u0103m s\u00f3c da m\u1ed7i ng\u00e0y, nhi\u1ec1u h\u00e3ng m\u1ef9 ph\u1ea9m \u0111\u00e3 cho ra \u0111\u1eddi v\u00f4 s\u1ed1 s\u1ea3n ph\u1ea9m \u0111a d\u1ea1ng \u0111\u1ec3 ph\u1ee5c v\u1ee5 ph\u00e1i \u0111\u1eb9p. Ngo\u00e0i c\u00e1c b\u01b0\u1edbc ch\u0103m s\u00f3c da nh\u01b0 massage, s\u1eefa r\u1eeda m\u1eb7t, n\u01b0\u1edbc hoa h\u1ed3ng th\u00ec \u0111\u1eafp m\u1eb7t n\u1ea1 l\u00e0 m\u1ed9t trong nh\u1eefng b\u01b0\u1edbc kh\u00f4ng th\u1ec3 thi\u1ebfu nh\u1eb1m cung c\u1ea5p d\u01b0\u1ee1ng ch\u1ea5t cho da.\u00a0<strong>Face Lift Activator (Original Formula)<\/strong>\u00a0l\u00e0 s\u1ea3n ph\u1ea9m c\u1ee7a t\u1eadp \u0111o\u00e0n Nuskin c\u1ee7a M\u1ef9 s\u1ea3n xu\u1ea5t, \u0111\u00e2y l\u00e0 s\u1ea3n ph\u1ea9m \u0111\u01b0\u1ee3c tin d\u00f9ng nh\u1ea5t Hoa K\u1ef3 c\u00f3 chi\u1ebft xu\u1ea5t ho\u00e0n to\u00e0n 100% t\u1eeb t\u1ef1 nhi\u00ean v\u00e0 \u0111\u1ea3m b\u1ea3o an to\u00e0n cho da khi s\u1eed d\u1ee5ng.<\/p>\n<p style=\"text-align: justify;\">Th\u00e0nh ph\u1ea7n c\u1ee7a m\u1eb7t n\u1ea1\u00a0<strong>Face Lift Activator\u00a0 (Original Formula)<\/strong>\u00a0bao g\u1ed3m k\u1eb9p b\u1ed9t cao su t\u1ef1 nhi\u00ean v\u1edbi m\u1ee9c \u0111\u1ed9 pH trung t\u00ednh c\u1ed9ng v\u1edbi l\u00faa m\u00f9a th\u1ee7y ph\u00e2n Protein gi\u00fap th\u00fac \u0111\u1ea9y qu\u00e1 tr\u00ecnh n\u00e2ng c\u01a1 \u0111\u1ed3ng th\u1eddi ho\u1ea1t \u0111\u1ed9ng nh\u01b0 m\u1ed9t ho\u1ea1t ch\u1ea5t \u0111i\u1ec1u h\u00f2a cho da.<\/p>\n<p style=\"text-align: justify;\">V\u1edbi th\u00e0nh ph\u1ea7n t\u1ef1 nhi\u00ean nh\u01b0 tr\u00ean, s\u1ea3n ph\u1ea9m n\u00e0y s\u1ebd gi\u00fap n\u00e2ng c\u01a1 m\u1eb7t c\u1ee7a b\u1ea1n nhanh ch\u00f3ng, l\u00e0m d\u1ecbu da t\u1ee9c th\u1eddi v\u00e0 gi\u1ea3m s\u1ef1 xu\u1ea5t hi\u1ec7n c\u1ee7a n\u1ebfp nh\u0103n mang l\u1ea1i cho b\u1ea1n m\u1ed9t l\u00e0n da m\u01b0\u1ee3t m\u00e0, s\u0103n ch\u1eafc v\u00e0 tr\u1ebb trung h\u01a1n.<\/p>\n<p style=\"text-align: justify;\">Nh\u1eefng th\u00e0nh ph\u1ea7n n\u00e0y \u0111\u01b0\u1ee3c c\u00e1c chuy\u00ean gia danh ti\u1ebfng c\u1ee7a t\u1eadp \u0111o\u00e0n Nuskin \u0111\u00e3 ph\u00e1t hi\u1ec7n v\u00e0 nghi\u00ean c\u1ee9u ra v\u00e0 \u0111\u01b0\u1ee3c ch\u1ecb em t\u1eeb h\u01a1n 31 qu\u1ed1c gia tin d\u00f9ng v\u00e0 nh\u1eadn th\u1ea5y \u0111\u01b0\u1ee3c hi\u1ec7u qu\u1ea3 r\u00f5 r\u1ec7t.<\/p>\n<p style=\"text-align: justify;\">C\u1ee5 th\u1ec3, th\u00e0nh ph\u1ea7n c\u1ee7a s\u1ea3n ph\u1ea9m n\u00e0y bao g\u1ed3m Water (Aqua), Aloe Barbadensis Leaf Juice, FucusVesiculosus (Bladderwrack) Extract, Allantoin, Panthenol, SodiumPCA, RNA, Benzalkonium Chloride, Butylene Glycol, DisodiumEDTA, Methylparaben, Phenoxyethanol. Albumen, Zea Mays (Corn) Starch, Aloe BarbadensisLeaf Juice, Silica, Dipalmitoyl Hydroxyproline, Allantoin,Panthenol, Methylparaben. \u0110\u00e2y \u0111\u1ec1u l\u00e0 nh\u1eefng ch\u1ea5t th\u00e2n thi\u1ec7n v\u1edbi l\u00e0n da c\u1ee7a b\u1ea1n v\u00e0 \u0111\u1ea3m b\u1ea3o ph\u00f9 h\u1ee3p v\u1edbi m\u1ecdi lo\u1ea1i da.<\/p>\n<p><img loading=\"lazy\" class=\"aligncenter wp-image-1540 size-full\" src=\"https:\/\/tuongvibeauty.com\/wp-content\/uploads\/2019\/06\/face-lift-activator-5_grande.jpg\" alt=\"\" width=\"600\" height=\"600\" srcset=\"https:\/\/tuongvibeauty.com\/wp-content\/uploads\/2019\/06\/face-lift-activator-5_grande.jpg 600w, https:\/\/tuongvibeauty.com\/wp-content\/uploads\/2019\/06\/face-lift-activator-5_grande-150x150.jpg 150w, https:\/\/tuongvibeauty.com\/wp-content\/uploads\/2019\/06\/face-lift-activator-5_grande-300x300.jpg 300w, https:\/\/tuongvibeauty.com\/wp-content\/uploads\/2019\/06\/face-lift-activator-5_grande-100x100.jpg 100w\" sizes=\"(max-width: 600px) 100vw, 600px\" \/><\/p>\n<h3 style=\"text-align: justify;\"><strong>C\u00d4NG D\u1ee4NG C\u1ee6A M\u1eb6T N\u1ea0 FACE LIFT ACTIVATOR (ORIGINAL FORMULA)<\/strong><\/h3>\n<p style=\"text-align: justify;\">S\u1ea3n ph\u1ea9m\u00a0<strong>Face Lift Activator\u00a0 (Original Formula)<\/strong>\u00a0c\u00f3 t\u00e1c d\u1ee5ng h\u01a1n c\u1ea3 ch\u1ee9ng n\u0103ng c\u1ee7a m\u1ed9t chi\u1ebfc m\u1eb7t n\u1ea1 \u0111\u01a1n thu\u1ea7n, gi\u00fap l\u00e0n s\u0103n ch\u1eafc, c\u0103ng m\u1ecbn da m\u1eb7t v\u00e0 c\u1ed5 ngay sau khi s\u1eed d\u1ee5ng, mang \u0111\u1ea5n cho b\u1ea1n m\u1ed9t l\u00e0n da t\u01b0\u01a1i tr\u1ebb v\u00e0 m\u1ecbn m\u00e0ng h\u01a1n.<\/p>\n<p style=\"text-align: justify;\">L\u00e0m gi\u1ea3m c\u00e1c n\u1ebfp nh\u0103n tr\u00ean m\u1eb7t v\u00e0 c\u1ed5, gi\u00fap c\u1ea3i thi\u1ec7n v\u1ec1 m\u1eb7t v\u00e0 c\u1ea5u tr\u00fac c\u1ee7a da.<\/p>\n<p style=\"text-align: justify;\">Th\u00e0nh ph\u1ea7n ch\u1ee9a l\u00f2ng tr\u1eafng tr\u1ee9ng g\u00e0 gi\u00fap cho da s\u0103n ch\u1eafc, t\u01b0\u01a1i m\u1edbi v\u00e0 l\u00e0m m\u1edd c\u00e1c n\u1ebfp nh\u0103n.<\/p>\n<p><img loading=\"lazy\" class=\"aligncenter wp-image-1541 size-full\" src=\"https:\/\/tuongvibeauty.com\/wp-content\/uploads\/2019\/06\/face-lift-activator-4_grande.jpg\" alt=\"\" width=\"450\" height=\"600\" srcset=\"https:\/\/tuongvibeauty.com\/wp-content\/uploads\/2019\/06\/face-lift-activator-4_grande.jpg 450w, https:\/\/tuongvibeauty.com\/wp-content\/uploads\/2019\/06\/face-lift-activator-4_grande-225x300.jpg 225w\" sizes=\"(max-width: 450px) 100vw, 450px\" \/><\/p>\n<h4><strong>C\u00c1CH S\u1eec D\u1ee4NG M\u1eb6T N\u1ea0 FACE LIFT ACTIVATOR (ORIGINAL FORMULA)<\/strong><\/h4>\n<p style=\"text-align: justify;\">B\u01b0\u1edbc 1: R\u1eeda s\u1ea1ch v\u00f9ng da m\u1eb7t v\u00e0 c\u1ed5 b\u1eb1ng s\u1eeda r\u1eefa m\u1eb7t. \u0110\u1ec3 c\u00f3 t\u00e1c d\u1ee5ng h\u01a1n, c\u00e1c chuy\u00ean gia khuy\u00ean b\u1ea1n n\u00ean d\u00f9ng b\u1eb1ng s\u1eefa r\u1eeda m\u1eb7t c\u1ee7a Nuskin.<\/p>\n<p style=\"text-align: justify;\">B\u01b0\u1edbc 2: Sau \u0111\u00f3 tr\u1ed9n m\u1ed9t mu\u1ed7ng nh\u1ecf m\u1eb7t n\u1ea1\u00a0<strong>Face Lift Activator\u00a0 (Original Formula)<\/strong>\u00a0 v\u1edbi m\u1ed9t mu\u1ed7ng Face Lift Powder theo t\u1ec9 l\u1ec7 1:1 v\u00e0 khu\u1ea5y \u0111\u1ec1u th\u00e0nh m\u1ed9t dung d\u1ecbch lo\u00e3ng.<\/p>\n<p style=\"text-align: justify;\">B\u01b0\u1edbc 3: D\u00f9ng c\u1ecd thoa \u0111\u1ec1u dung d\u1ecbch \u0111\u00f3 nh\u1eb9 nh\u00e0ng l\u00ean m\u1eb7t, t\u1eeb d\u01b0\u1edbi l\u00ean tr\u00ean, t\u1eeb trong ra ngo\u00e0i sau \u0111\u00f3 \u0111\u1ec3 kh\u00f4 t\u1ef1 nhi\u00ean v\u00e0 th\u01b0 gi\u00e3n trong 30 ph\u00fat. N\u1ebfu b\u1ea1n lo l\u1eafng l\u1ea7n \u0111\u1ea7u ti\u00ean s\u1eed d\u1ee5ng, c\u00f3 th\u1ec3 th\u1eed m\u1ed9t \u00edt l\u00ean tay \u0111\u1ec3 ki\u1ec3m tra xem da m\u00ecnh c\u00f3 b\u1ecb d\u1ecb \u1ee9ng tr\u01b0\u1edbc khi s\u1eed d\u1ee5ng hay kh\u00f4ng.<\/p>\n<p style=\"text-align: justify;\">B\u01b0\u1edbc 4: Sau 30 ph\u00fat, r\u1eeda s\u1ea1ch l\u1ea1i da m\u1eb7t b\u1eb1ng n\u01b0\u1edbc \u1ea5m. Sau m\u1ed9t th\u1eddi gian s\u1eed d\u1ee5ng, b\u1ea1n s\u1ebd th\u1ea5y da m\u1eb7t m\u00ecnh tr\u1edf n\u00ean c\u0103ng m\u1ecbn, c\u00e1c c\u01a1 m\u1eb7t s\u0103n ch\u1eafc m\u1ed9t c\u00e1ch r\u00f5 r\u1ec7t.<\/p>\n<p style=\"text-align: justify;\">Sau khi r\u1eeda s\u1ea1ch, b\u1ea1n c\u00f3 th\u1ec3 ti\u1ebfn h\u00e0nh d\u01b0\u1ee1ng da b\u1eb1ng b\u1ed9 s\u1ea3n ph\u1ea9m ch\u0103m s\u00f3c da c\u1ee7a Nuskin nh\u01b0 n\u01b0\u1edbc hoa h\u1ed3ng, kem d\u01b0\u1ee1ng da v\u00e0 c\u00e1c s\u1ea3n ph\u1ea9m d\u01b0\u1ee1ng \u1ea9m kh\u00e1c. B\u1ea1n n\u00ean s\u1eed d\u1ee5ng m\u1eb7t n\u1ea1\u00a0<strong>Face Lift Activator\u00a0 (Original Formula)<\/strong>\u00a02 l\u1ea7n m\u1ed9t tu\u1ea7n v\u00e0 \u00e1p d\u1ee5ng \u0111\u00fang c\u00e1c b\u01b0\u1edbc \u0111\u00e3 h\u01b0\u1edbng d\u1eabn nh\u01b0 tr\u00ean \u0111\u1ec3 c\u00f3 \u0111\u01b0\u1ee3c k\u1ebft qu\u1ea3 t\u1ed1t nh\u1ea5t. V\u1edbi m\u1eb7t n\u1ea1 m\u1eb7t n\u1ea1\u00a0<strong>Face Lift Activator\u00a0 (Original Formula),<\/strong>\u00a0l\u00e0n da c\u1ee7a b\u1ea1n s\u1ebd tr\u1edf n\u00ean m\u1ecbn m\u00e0ng, s\u0103n ch\u1eafc cho b\u1ea1n t\u1ef1 tin \u0111i b\u1ea5t c\u1ee9 n\u01a1i \u0111\u00e2u.<\/p>\n<p style=\"text-align: justify;\">Tr\u00ean \u0111\u00e2y l\u00e0 to\u00e0n b\u1ed9 th\u00f4ng tin v\u1ec1 s\u1ea3n ph\u1ea9m, n\u1ebfu c\u00f3 th\u1eafc m\u1eafc th\u00ec h\u00e3y li\u00ean h\u1ec7 ngay v\u1edbi trang web ho\u1eb7c t\u1ed5ng \u0111\u00e0i c\u1ee7a ch\u00fang t\u00f4i \u0111\u1ec3 \u0111\u01b0\u1ee3c \u0111\u1ed9i ng\u0169 nh\u00e2n vi\u00ean t\u01b0 v\u1ea5n gi\u1ea3i \u0111\u00e1p th\u00eam. H\u00e3y tr\u1edf th\u00e0nh m\u1ed9t ng\u01b0\u1eddi ph\u1ee5 n\u1eef t\u1ef1 tin v\u1edbi l\u00e0n da t\u01b0\u01a1i tr\u1ebb, thu h\u00fat m\u1ecdi \u00e1nh nh\u00ecn c\u1ee7a m\u1ecdi ng\u01b0\u1eddi v\u1edbi s\u1ea3n ph\u1ea9m c\u1ee7a ch\u00fang t\u00f4i.<\/p>\n<p>&nbsp;<\/p>\n<p>&nbsp;<\/p>\n<p>&nbsp;<\/p>\n<p>&nbsp;<\/p>\n<p>&nbsp;<\/p>\n<p>&nbsp;<\/p>\n<p>&nbsp;<\/p>\n<p>&nbsp;<\/p>\n<p>&nbsp;<\/p>\n<p>&nbsp;<\/p>\n<p>&nbsp;<\/p>\n","protected":false},"excerpt":{"rendered":"<p>Ai ai c\u0169ng bi\u1ebft l\u00e0n da kh\u00f4ng nh\u1eefng l\u00e0 m\u1ed9t b\u1ed9 ph\u1eadn quan tr\u1ecdng gi\u00fap b\u1ea3o v\u1ec7 c\u01a1 th\u1ec3, b\u00ean c\u1ea1nh \u0111\u00f3 n\u00f3 l\u00e0 m\u1ed9t th\u00e0nh ph\u1ea7n kh\u00f4ng th\u1ec3 thi\u1ebft g\u00f3p ph\u1ea7n x\u00e2y d\u1ef1ng n\u00ean n\u00e9t \u0111\u1eb9p ri\u00eang c\u1ee7a con ng\u01b0\u1eddi. Nh\u1eb1m h\u01b0\u1edbng t\u1edbi m\u1ed9t v\u1ebb \u0111\u1eb9p t\u1ef1 nhi\u00ean v\u00e0 r\u1ea1ng ng\u1eddi, m\u1eb7t n\u1ea1\u00a0Face Lift [&#8230;]\n","protected":false},"featured_media":1540,"comment_status":"open","ping_status":"closed","template":"","meta":[],"_links":{"self":[{"href":"https:\/\/tuongvibeauty.com\/index.php?rest_route=\/wp\/v2\/product\/1538"}],"collection":[{"href":"https:\/\/tuongvibeauty.com\/index.php?rest_route=\/wp\/v2\/product"}],"about":[{"href":"https:\/\/tuongvibeauty.com\/index.php?rest_route=\/wp\/v2\/types\/product"}],"replies":[{"embeddable":true,"href":"https:\/\/tuongvibeauty.com\/index.php?rest_route=%2Fwp%2Fv2%2Fcomments&post=1538"}],"wp:featuredmedia":[{"embeddable":true,"href":"https:\/\/tuongvibeauty.com\/index.php?rest_route=\/wp\/v2\/media\/1540"}],"wp:attachment":[{"href":"https:\/\/tuongvibeauty.com\/index.php?rest_route=%2Fwp%2Fv2%2Fmedia&parent=1538"}],"curies":[{"name":"wp","href":"https:\/\/api.w.org\/{rel}","templated":true}]}}