{"id":1320,"date":"2019-06-26T18:57:55","date_gmt":"2019-06-26T11:57:55","guid":{"rendered":"https:\/\/tuongvibeauty.com\/?post_type=product&#038;p=1320"},"modified":"2019-07-01T08:46:13","modified_gmt":"2019-07-01T01:46:13","slug":"sua-duong-the-scion-hand-body-lotion","status":"publish","type":"product","link":"https:\/\/tuongvibeauty.com\/?product=sua-duong-the-scion-hand-body-lotion","title":{"rendered":"S\u1eefa d\u01b0\u1ee1ng th\u1ec3 Scion Hand &#038; Body Lotion"},"content":{"rendered":"<h2 style=\"text-align: justify; padding-left: 30px;\"><strong>S\u1eeeA D\u01af\u1ee0NG TH\u1ec2 SCION HAND &amp; BODY LOTION &#8211; NU\u00d4I D\u01af\u1ee0NG L\u00c0N DA T\u1eea S\u00c2U B\u00caN TRONG T\u1ebe B\u00c0O<\/strong><\/h2>\n<p>S\u1eefa d\u01b0\u1ee1ng th\u1ec3 Scion Hand &amp; Body Lotion v\u1edbi nh\u1eefng th\u00e0nh ph\u1ea7n chi\u1ebft xu\u1ea5t t\u1eeb thi\u00ean nhi\u00ean: h\u1ea1t nh\u00e3n, nha \u0111am, \u0111\u1eadu n\u00e0nh, b\u1ea1c h\u00e0 &#8230; c\u00f3 c\u00f4ng d\u1ee5ng r\u1ea5t t\u1ed1t trong vi\u1ec7c nu\u00f4i d\u01b0\u1ee1ng l\u00e0n da t\u1eeb s\u00e2u b\u00ean trong t\u1ebf b\u00e0o c\u01a1 th\u1ec3 v\u00e0 k\u00edch th\u00edch da s\u00e1ng &amp; \u0111\u1ec1u m\u00e0u theo th\u1eddi gian. Trong Scion Hand &amp; Body Lotion c\u00f3 ch\u1ee9a ch\u1ea5t ch\u1ed1ng oxy h\u00f3a, gi\u00fap da tr\u00e1nh kh\u1ecfi t\u00ecnh tr\u1ea1ng kh\u00f4 r\u00e1p hay ch\u00e1y n\u1eafng. D\u01b0\u1ee1ng ch\u1ea5t thi\u00ean nhi\u00ean gi\u00fap l\u00e0n da b\u1ea1n lu\u00f4n \u0111\u01b0\u1ee3c m\u1ec1m m\u1ea1i v\u00e0 m\u1ecbn m\u00e0ng nh\u01b0 b\u00f4ng d\u01b0\u1edbi t\u00e1c \u0111\u1ed9ng t\u1eeb b\u00ean ngo\u00e0i, gi\u1ea3m h\u1eb3n s\u1ef1 xu\u1ea5t hi\u1ec7n n\u1ebfp nh\u0103n tr\u00ean c\u01a1 th\u1ec3.<\/p>\n<p><img loading=\"lazy\" class=\"aligncenter wp-image-1321 size-full\" src=\"https:\/\/tuongvibeauty.com\/wp-content\/uploads\/2019\/06\/f96fdbffd0993b3de52cafe8638ee0f5.jpg\" alt=\"\" width=\"960\" height=\"960\" srcset=\"https:\/\/tuongvibeauty.com\/wp-content\/uploads\/2019\/06\/f96fdbffd0993b3de52cafe8638ee0f5.jpg 960w, https:\/\/tuongvibeauty.com\/wp-content\/uploads\/2019\/06\/f96fdbffd0993b3de52cafe8638ee0f5-150x150.jpg 150w, https:\/\/tuongvibeauty.com\/wp-content\/uploads\/2019\/06\/f96fdbffd0993b3de52cafe8638ee0f5-300x300.jpg 300w, https:\/\/tuongvibeauty.com\/wp-content\/uploads\/2019\/06\/f96fdbffd0993b3de52cafe8638ee0f5-768x768.jpg 768w, https:\/\/tuongvibeauty.com\/wp-content\/uploads\/2019\/06\/f96fdbffd0993b3de52cafe8638ee0f5-600x600.jpg 600w, https:\/\/tuongvibeauty.com\/wp-content\/uploads\/2019\/06\/f96fdbffd0993b3de52cafe8638ee0f5-100x100.jpg 100w\" sizes=\"(max-width: 960px) 100vw, 960px\" \/><\/p>\n<h3 style=\"text-align: justify;\"><span style=\"color: #00a859;\">CHI\u1ebeT XU\u1ea4T T\u1eea THI\u00caN NHI\u00caN V\u00c0 NH\u1eeeNG C\u00d4NG D\u1ee4NG N\u1ed4I B\u1eacT\u00a0<\/span><\/h3>\n<p style=\"text-align: justify;\">Trong s\u1eefa d\u01b0\u1ee1ng th\u1ec3 Scion c\u00f3 ch\u1ee9a tinh ch\u1ea5t h\u1ea1t nh\u00e3n gi\u00fap di\u1ec7t khu\u1ea9n r\u1ea5t t\u1ed1t, nh\u1edd \u0111\u00f3 m\u00e0 c\u01a1 th\u1ec3 \u0111\u01b0\u1ee3c s\u1ea1ch nh\u01b0ng \u0111\u1ea3m b\u1ea3o \u0111\u1ed9 d\u1ecbu nh\u1eb9, kh\u00f4ng h\u1ec1 g\u00e2y k\u00edch \u1ee9ng v\u1edbi l\u00e0n da.<\/p>\n<p style=\"text-align: justify;\">Th\u00e0nh ph\u1ea7n nha \u0111am v\u1edbi c\u00f4ng d\u1ee5ng d\u01b0\u1ee1ng \u1ea9m nu\u00f4i d\u01b0\u1ee1ng da m\u1ec1m m\u1ecbn v\u00e0 tr\u1eafng s\u00e1ng t\u1eeb b\u00ean trong t\u1ebf b\u00e0o. K\u1ebft h\u1ee3p v\u1edbi \u0111\u1eadu n\u00e0nh c\u00f3 t\u00e1c d\u1ee5ng ng\u0103n ng\u1eeba l\u00e3o h\u00f3a da, kh\u00f4i ph\u1ee5c da s\u0103n ch\u1eafc v\u00e0 t\u01b0\u01a1i tr\u1ebb.<\/p>\n<p><img loading=\"lazy\" class=\"aligncenter wp-image-1322 size-full\" src=\"https:\/\/tuongvibeauty.com\/wp-content\/uploads\/2019\/06\/thumb_2314365_default_large.png\" alt=\"\" width=\"670\" height=\"376\" srcset=\"https:\/\/tuongvibeauty.com\/wp-content\/uploads\/2019\/06\/thumb_2314365_default_large.png 670w, https:\/\/tuongvibeauty.com\/wp-content\/uploads\/2019\/06\/thumb_2314365_default_large-300x168.png 300w, https:\/\/tuongvibeauty.com\/wp-content\/uploads\/2019\/06\/thumb_2314365_default_large-600x337.png 600w\" sizes=\"(max-width: 670px) 100vw, 670px\" \/><\/p>\n<p>Trong Scion Hand &amp; Body Lotion c\u00f2n ch\u1ee9a tinh ch\u1ea5t t\u1eeb c\u00e2y l\u00f4 h\u1ed9i v\u1edbi h\u01a1n 200 th\u00e0nh ph\u1ea7n dinh d\u01b0\u1ee1ng kh\u00e1c nhau, trong \u0111\u00f3 g\u1ed3m 20 d\u01b0\u1ee1ng ch\u1ea5t, 18 acid h\u1eefu c\u01a1 c\u00f9ng 12 lo\u1ea1i vitamin c\u1ea7n thi\u1ebft cho da n\u00ean c\u00f3 t\u00e1c d\u1ee5ng b\u1ed5 sung ch\u1ea5t dinh d\u01b0\u1ee1ng cho da, c\u1ea5p n\u01b0\u1edbc, d\u01b0\u1ee1ng \u1ea9m v\u00e0 \u0111i\u1ec1u tr\u1ecb v\u1ebft th\u00e2m \u0111\u1ec3 l\u1ea1i tr\u00ean da.<\/p>\n<h4 style=\"text-align: justify;\"><span style=\"color: #00a859;\">\u0110\u01a0N GI\u1ea2N NGAY T\u1eea C\u00c1CH D\u00d9NG MANG L\u1ea0I HI\u1ec6U QU\u1ea2 T\u1ed0T NH\u1ea4T<\/span><\/h4>\n<p style=\"text-align: justify;\">&#8211; L\u00e0m s\u1ea1ch da v\u1edbi s\u1eefa t\u1eafm. N\u00ean s\u1eed d\u1ee5ng s\u1eefa t\u1eafm Scion Hand &amp; Body Lotion \u0111\u1ec3 \u0111\u1ea1t \u0111\u01b0\u1ee3c hi\u1ec7u qu\u1ea3 cao nh\u1ea5t.<\/p>\n<p style=\"text-align: justify;\">&#8211; Lau kh\u00f4 da v\u1edbi n\u01b0\u1edbc, thoa s\u1eefa d\u01b0\u1ee1ng th\u1ec3 l\u00ean to\u00e0n b\u1ed9 v\u00f9ng da to\u00e0n th\u00e2n, kh\u00f4ng d\u00f9ng cho m\u1eb7t. Nh\u1eb9 nh\u00e0ng massage v\u00e0 v\u1ed7 nh\u1eb9 l\u00ean da \u0111\u1ec3 d\u01b0\u1ee1ng ch\u1ea5t c\u00f3 th\u1ec3 d\u1ec5 d\u00e0ng th\u1ea9m th\u1ea5u v\u00e0o da.<\/p>\n<p style=\"text-align: justify;\">L\u01b0u \u00fd: Thoa s\u1eefa d\u01b0\u1ee1ng th\u1ec3 l\u00ean c\u01a1 th\u1ec3 ngay sau khi t\u1eafm ho\u1eb7c b\u1ea5t c\u1ee9 khi n\u00e0o b\u1ea1n c\u1ea3m th\u1ea5y da b\u1ecb kh\u00f4.<\/p>\n<p style=\"text-align: justify;\">N\u1ebfu b\u1ea1n \u0111\u00e3 th\u1eed s\u1eed d\u1ee5ng nhi\u1ec1u lo\u1ea1i s\u1eefa d\u01b0\u1ee1ng th\u1ec3 kh\u00e1c nhau v\u00e0 kh\u00f4ng \u0111\u1ea1t \u0111\u01b0\u1ee3c k\u1ebft qu\u1ea3 nh\u01b0 mong \u0111\u1ee3i th\u00ec Scion Hand &amp; Body Lotion ch\u00ednh l\u00e0 c\u01a1 h\u1ed9i \u0111\u1ec3 b\u1ea1n th\u1eed tr\u1ea3i nghi\u1ec7m m\u1ed9t s\u1ea3n ph\u1ea9m m\u1edbi mang t\u00ednh \u0111\u1ed9t ph\u00e1.<\/p>\n<p>&nbsp;<\/p>\n<p>&nbsp;<\/p>\n<p>&nbsp;<\/p>\n<p>&nbsp;<\/p>\n<p>&nbsp;<\/p>\n<p>&nbsp;<\/p>\n","protected":false},"excerpt":{"rendered":"<p>S\u1eeeA D\u01af\u1ee0NG TH\u1ec2 SCION HAND &amp; BODY LOTION &#8211; NU\u00d4I D\u01af\u1ee0NG L\u00c0N DA T\u1eea S\u00c2U B\u00caN TRONG T\u1ebe B\u00c0O S\u1eefa d\u01b0\u1ee1ng th\u1ec3 Scion Hand &amp; Body Lotion v\u1edbi nh\u1eefng th\u00e0nh ph\u1ea7n chi\u1ebft xu\u1ea5t t\u1eeb thi\u00ean nhi\u00ean: h\u1ea1t nh\u00e3n, nha \u0111am, \u0111\u1eadu n\u00e0nh, b\u1ea1c h\u00e0 &#8230; c\u00f3 c\u00f4ng d\u1ee5ng r\u1ea5t t\u1ed1t trong vi\u1ec7c nu\u00f4i d\u01b0\u1ee1ng l\u00e0n [&#8230;]\n","protected":false},"featured_media":1323,"comment_status":"open","ping_status":"closed","template":"","meta":[],"_links":{"self":[{"href":"https:\/\/tuongvibeauty.com\/index.php?rest_route=\/wp\/v2\/product\/1320"}],"collection":[{"href":"https:\/\/tuongvibeauty.com\/index.php?rest_route=\/wp\/v2\/product"}],"about":[{"href":"https:\/\/tuongvibeauty.com\/index.php?rest_route=\/wp\/v2\/types\/product"}],"replies":[{"embeddable":true,"href":"https:\/\/tuongvibeauty.com\/index.php?rest_route=%2Fwp%2Fv2%2Fcomments&post=1320"}],"wp:featuredmedia":[{"embeddable":true,"href":"https:\/\/tuongvibeauty.com\/index.php?rest_route=\/wp\/v2\/media\/1323"}],"wp:attachment":[{"href":"https:\/\/tuongvibeauty.com\/index.php?rest_route=%2Fwp%2Fv2%2Fmedia&parent=1320"}],"curies":[{"name":"wp","href":"https:\/\/api.w.org\/{rel}","templated":true}]}}