{"id":1244,"date":"2019-06-26T15:11:04","date_gmt":"2019-06-26T08:11:04","guid":{"rendered":"https:\/\/tuongvibeauty.com\/?post_type=product&#038;p=1244"},"modified":"2019-06-29T15:09:53","modified_gmt":"2019-06-29T08:09:53","slug":"kem-danh-rang-ap24","status":"publish","type":"product","link":"https:\/\/tuongvibeauty.com\/?product=kem-danh-rang-ap24","title":{"rendered":"Kem \u0111\u00e1nh r\u0103ng AP24"},"content":{"rendered":"<h1><span style=\"color: #50b848;\"><strong>S\u1ea3n ph\u1ea9m kem \u0111\u00e1nh r\u0103ng tr\u1eafng s\u00e1ng whitening flouride toothpaste nuskin<\/strong><\/span><\/h1>\n<p class=\"subtitle\">C\u00f4ng th\u1ee9c \u0111\u1ed9c quy\u1ec1n \u0111\u1ebfn t\u1eeb M\u1ef9<\/p>\n<p>L\u00e0 s\u1ea3n ph\u1ea9m t\u1eeb th\u01b0\u01a1ng hi\u1ec7u n\u1ed5i ti\u1ebfng NuSkin, kem \u0111\u00e1nh r\u0103ng tr\u1eafng s\u00e1ng AP24 \u0111\u01b0\u1ee3c s\u1ea3n xu\u1ea5t t\u1eeb M\u1ef9, t\u00edch h\u1ee3p c\u00e1c th\u00e0nh ph\u1ea7n chuy\u00ean d\u1ee5ng gi\u00fap b\u1ea3o v\u1ec7 r\u0103ng mi\u1ec7ng t\u1ed1t. S\u1ea3n ph\u1ea9m \u0111\u01b0\u1ee3c nghi\u00ean c\u1ee9u v\u00e0 s\u00e0ng l\u1ecdc k\u1ef9 \u0111\u1ec3 \u0111\u1ea3m b\u1ea3o ch\u1ea5t l\u01b0\u1ee3ng, \u0111\u1ed3ng th\u1eddi t\u1ea1o s\u1ef1 kh\u00e1c bi\u1ec7t v\u1ec1 c\u00f4ng d\u1ee5ng.<\/p>\n<p><img loading=\"lazy\" class=\"aligncenter wp-image-1245 size-full\" src=\"https:\/\/tuongvibeauty.com\/wp-content\/uploads\/2019\/06\/Image-ExtractWord-1-Out-2377-1516767421.png\" alt=\"\" width=\"500\" height=\"349\" srcset=\"https:\/\/tuongvibeauty.com\/wp-content\/uploads\/2019\/06\/Image-ExtractWord-1-Out-2377-1516767421.png 500w, https:\/\/tuongvibeauty.com\/wp-content\/uploads\/2019\/06\/Image-ExtractWord-1-Out-2377-1516767421-300x209.png 300w\" sizes=\"(max-width: 500px) 100vw, 500px\" \/><\/p>\n<p>&nbsp;<\/p>\n<p>Theo Nu Skin, hi\u1ec7n Vi\u1ec7t Nam c\u00f3 t\u1ef7 l\u1ec7 ng\u01b0\u1eddi d\u00e2n m\u1eafc c\u00e1c b\u1ec7nh v\u1ec1 r\u0103ng mi\u1ec7ng thu\u1ed9c h\u00e0ng cao, ch\u1ee7 y\u1ebfu l\u00e0 s\u00e2u r\u0103ng, vi\u00eam n\u01b0\u1edbu, h\u00f4i mi\u1ec7ng\u2026 B\u00ean c\u1ea1nh \u0111\u00e1nh r\u0103ng \u0111\u1ec1u \u0111\u1eb7n sau m\u1ed7i l\u1ea7n \u0103n, m\u1ed9t trong nh\u1eefng ph\u01b0\u01a1ng ph\u00e1p \u0111\u1ec3 c\u1ea3i thi\u1ec7n t\u00ecnh tr\u1ea1ng b\u1ec7nh l\u00fd v\u1ec1 r\u0103ng mi\u1ec7ng, \u0111\u01b0\u1ee3c b\u00e1c s\u0129 khuy\u00ean l\u00e0 s\u1eed d\u1ee5ng kem \u0111\u00e1nh r\u0103ng m\u1ed7i ng\u00e0y. S\u1eed d\u1ee5ng kem \u0111\u00e1nh r\u0103ng c\u0169ng l\u00e0 m\u1ed9t trong c\u00e1ch \u0111\u1ea3m b\u1ea3o r\u0103ng ch\u1eafc v\u00e0 s\u00e1ng h\u01a1n, lo\u1ea1i b\u1ecf m\u1ea3ng b\u00e1m tr\u00ean r\u0103ng. V\u00ec v\u1eady, l\u1ef1a ch\u1ecdn kem \u0111\u00e1nh r\u0103ng \u0111\u1ea1t chu\u1ea9n l\u00e0 r\u1ea5t quan tr\u1ecdng cho m\u1ed7i gia \u0111\u00ecnh.<\/p>\n<p><img loading=\"lazy\" class=\"aligncenter wp-image-1246 size-full\" src=\"https:\/\/tuongvibeauty.com\/wp-content\/uploads\/2019\/06\/Nuskin-8631-1516767421.jpg\" alt=\"\" width=\"500\" height=\"296\" srcset=\"https:\/\/tuongvibeauty.com\/wp-content\/uploads\/2019\/06\/Nuskin-8631-1516767421.jpg 500w, https:\/\/tuongvibeauty.com\/wp-content\/uploads\/2019\/06\/Nuskin-8631-1516767421-300x178.jpg 300w\" sizes=\"(max-width: 500px) 100vw, 500px\" \/><\/p>\n<p>&nbsp;<\/p>\n<h2 style=\"text-align: justify;\"><span style=\"color: #99cc00;\"><strong>L\u00cd DO N\u00caN D\u00d9NG KEM \u0110\u00c1NH R\u0102NG C\u1ee6A NUSKIN<\/strong><\/span><\/h2>\n<p>S\u1ea3n ph\u1ea9m \u0111\u01b0\u1ee3c nghi\u00ean c\u1ee9u th\u00edch h\u1ee3p cho m\u1ecdi \u0111\u1ed9 tu\u1ed5i, kem \u0111\u00e1nh r\u0103ng Nuskin AP 24 s\u1ebd l\u00e0 s\u1ef1 l\u1ef1a ch\u1ecdn t\u1ed1t nh\u1ea5t cho c\u1ea3 gia \u0111\u00ecnh b\u1ea1n. S\u1ea3n ph\u1ea9m <strong>kem \u0111\u00e1nh r\u0103ng tr\u1eafng s\u00e1ng Whitening fluoride toothpaste<\/strong>\u00a0n\u00e0y th\u00edch h\u1ee3p cho ng\u01b0\u1eddi l\u1edbn v\u00e0 c\u1ea3 tr\u1ebb em t\u1eeb tr\u00ean 2 tu\u1ed5i.<\/p>\n<p style=\"text-align: justify;\">\u00a0S\u1ea3n ph\u1ea9m <strong>kem \u0111\u00e1nh r\u0103ng c\u1ee7a Nuskin\u00a0<\/strong>kh\u00f4ng c\u00f3 m\u00f9i h\u1eafc hay g\u00e2y c\u1ea3m gi\u00e1c n\u00f3ng nh\u01b0 m\u1ed9t s\u1ed1 s\u1ea3n ph\u1ea9m th\u00f4ng th\u01b0\u1eddng kh\u00e1c m\u00e0 v\u00f4 c\u00f9ng d\u1ec5 ch\u1ecbu v\u00e0 th\u01a1m m\u00e1t.<\/p>\n<p style=\"text-align: justify;\">\u00a0Th\u00e0nh ph\u1ea7n v\u1edbi \u0111\u1eb7c tr\u01b0ng l\u00e0 h\u01b0\u01a1ng vani v\u00e0 b\u1ea1c h\u00e0, h\u01b0\u01a1ng th\u01a1m c\u1ee7a kem \u0111\u00e1nh r\u0103ng AP 24 Nuskin th\u1eadt s\u1ef1 khi\u1ebfn ng\u01b0\u1eddi d\u00f9ng c\u1ea3m th\u1ea5y tho\u1ea3i m\u00e1i v\u00e0 g\u1ea7n g\u0169i v\u00f4 c\u00f9ng.<\/p>\n<p><img loading=\"lazy\" class=\"aligncenter wp-image-1248 size-large\" src=\"https:\/\/tuongvibeauty.com\/wp-content\/uploads\/2019\/06\/ap24-antiplaque-fluoride-toothpaste-kem-danh-rang-chong-mang-bam-1024x1024.jpg\" alt=\"\" width=\"1020\" height=\"1020\" srcset=\"https:\/\/tuongvibeauty.com\/wp-content\/uploads\/2019\/06\/ap24-antiplaque-fluoride-toothpaste-kem-danh-rang-chong-mang-bam-1024x1024.jpg 1024w, https:\/\/tuongvibeauty.com\/wp-content\/uploads\/2019\/06\/ap24-antiplaque-fluoride-toothpaste-kem-danh-rang-chong-mang-bam-150x150.jpg 150w, https:\/\/tuongvibeauty.com\/wp-content\/uploads\/2019\/06\/ap24-antiplaque-fluoride-toothpaste-kem-danh-rang-chong-mang-bam-300x300.jpg 300w, https:\/\/tuongvibeauty.com\/wp-content\/uploads\/2019\/06\/ap24-antiplaque-fluoride-toothpaste-kem-danh-rang-chong-mang-bam-768x768.jpg 768w, https:\/\/tuongvibeauty.com\/wp-content\/uploads\/2019\/06\/ap24-antiplaque-fluoride-toothpaste-kem-danh-rang-chong-mang-bam-600x600.jpg 600w, https:\/\/tuongvibeauty.com\/wp-content\/uploads\/2019\/06\/ap24-antiplaque-fluoride-toothpaste-kem-danh-rang-chong-mang-bam-100x100.jpg 100w, https:\/\/tuongvibeauty.com\/wp-content\/uploads\/2019\/06\/ap24-antiplaque-fluoride-toothpaste-kem-danh-rang-chong-mang-bam.jpg 1200w\" sizes=\"(max-width: 1020px) 100vw, 1020px\" \/><\/p>\n<p>&nbsp;<\/p>\n<p style=\"text-align: justify;\">Ch\u1ec9 sau khi s\u1eed d\u1ee5ng kem \u0111\u00e1nh r\u0103ng\u00a0 3-4 th\u00e1ng b\u1ea1n s\u1ebd \u0111\u01b0\u1ee3c ch\u1eefa tr\u1ecb d\u1ee9t \u0111i\u1ec3m ch\u1ee9ng h\u00f4i mi\u1ec7ng kh\u00f3 ch\u1eefa l\u00e2u nay.<\/p>\n<p style=\"text-align: justify;\">S\u1ea3n ph\u1ea9m\u00a0<strong>kem \u0111\u00e1nh r\u0103ng tr\u1eafng s\u00e1ng Whitening fluoride toothpaste<\/strong>\u00a0\u0111\u00e3 \u0111\u01b0\u1ee3c \u01b0a chu\u1ed9ng tr\u00ean th\u1ecb tr\u01b0\u1eddng 54 tr\u00ean th\u1ebf gi\u1edbi b\u1edfi s\u1ea3n ph\u1ea9m \u0111\u1ea3m b\u1ea3o uy t\u00edn v\u00e0 ch\u1ea5t l\u01b0\u1ee3ng.<\/p>\n<p style=\"text-align: justify;\">\u0110\u01b0\u1ee3c nh\u1eadp kh\u1ea9u ch\u00ednh h\u00e3ng t\u1eeb M\u1ef9, v\u00e0 ch\u1ea5t l\u01b0\u1ee3ng tuy\u1ec7t v\u1eddi. Kem \u0111\u00e1nh r\u0103ng n\u00e0y ch\u00ednh l\u00e0 s\u1ef1 l\u1ef1a ch\u1ecdn t\u1ed1i \u01b0u cho gia \u0111\u00ecnh b\u1ea1n.<\/p>\n<p style=\"text-align: justify;\"><strong>\u00a0AP24 nghi\u00ean c\u1ee9u<\/strong>, x\u00e2y d\u1ef1ng b\u1edfi nh\u1eefng chuy\u00ean gia h\u00e0ng \u0111\u1ea7u Nuskin, Whitening fluoride toothpaste nhanh ch\u00f3ng nh\u1eadn \u0111\u01b0\u1ee3c nh\u1eefng \u0111\u00e1nh gia r\u1ea5t cao ngay t\u1eeb khi m\u1edbi \u0111\u01b0\u1ee3c tung ra tr\u00ean th\u1ecb tr\u01b0\u1eddng.<\/p>\n<p style=\"text-align: justify;\"><strong>Th\u00e0nh ph\u1ea7n<\/strong> c\u1ee7a s\u1ea3n ph\u1ea9m g\u1ed3m c\u00f3 :\u00a0Water (Aqua), Hydrated Silica, Sorbitol, Alumina, Glycerin, Dimethicone*, Poloxamer 338*, Poloxamer 407*, Tetrasolium Pyrophosphate, PEG 12, Sodium Lauryl Sulfate, Sodium Monofluophosphate, Flavor (Aroma), Sodium Saccharin, Titanium Dioxide (CI 778914)<\/p>\n<p>H\u00e3y th\u1eed c\u1ea3m nh\u1eadn s\u1ef1 kh\u00e1c bi\u1ec7t v\u1edbi AP24 b\u1ea1n s\u1ebd b\u1ea5t ng\u1edd \u0111\u1ea5y!<\/p>\n<p>&nbsp;<\/p>\n<p>&nbsp;<\/p>\n<p>&nbsp;<\/p>\n<p>&nbsp;<\/p>\n<p>&nbsp;<\/p>\n<p>&nbsp;<\/p>\n<p>&nbsp;<\/p>\n<p>&nbsp;<\/p>\n<p>&nbsp;<\/p>\n<p>&nbsp;<\/p>\n<p>&nbsp;<\/p>\n<p>&nbsp;<\/p>\n<p>&nbsp;<\/p>\n<p>&nbsp;<\/p>\n<p>&nbsp;<\/p>\n<p>&nbsp;<\/p>\n","protected":false},"excerpt":{"rendered":"<p class=\"subtitle\">C\u00f4ng th\u1ee9c \u0111\u1ed9c quy\u1ec1n \u0111\u1ebfn t\u1eeb M\u1ef9<\/p>\n<p>L\u00e0 s\u1ea3n ph\u1ea9m t\u1eeb th\u01b0\u01a1ng hi\u1ec7u n\u1ed5i ti\u1ebfng NuSkin, kem \u0111\u00e1nh r\u0103ng tr\u1eafng s\u00e1ng AP24 \u0111\u01b0\u1ee3c s\u1ea3n xu\u1ea5t t\u1eeb M\u1ef9, t\u00edch h\u1ee3p c\u00e1c th\u00e0nh ph\u1ea7n chuy\u00ean d\u1ee5ng gi\u00fap b\u1ea3o v\u1ec7 r\u0103ng mi\u1ec7ng t\u1ed1t. S\u1ea3n ph\u1ea9m \u0111\u01b0\u1ee3c nghi\u00ean c\u1ee9u v\u00e0 s\u00e0ng l\u1ecdc k\u1ef9 \u0111\u1ec3 \u0111\u1ea3m b\u1ea3o ch\u1ea5t l\u01b0\u1ee3ng, \u0111\u1ed3ng th\u1eddi t\u1ea1o s\u1ef1 kh\u00e1c bi\u1ec7t v\u1ec1 c\u00f4ng d\u1ee5ng.<\/p>\n<p>&nbsp;<\/p>\n","protected":false},"featured_media":1245,"comment_status":"open","ping_status":"closed","template":"","meta":[],"_links":{"self":[{"href":"https:\/\/tuongvibeauty.com\/index.php?rest_route=\/wp\/v2\/product\/1244"}],"collection":[{"href":"https:\/\/tuongvibeauty.com\/index.php?rest_route=\/wp\/v2\/product"}],"about":[{"href":"https:\/\/tuongvibeauty.com\/index.php?rest_route=\/wp\/v2\/types\/product"}],"replies":[{"embeddable":true,"href":"https:\/\/tuongvibeauty.com\/index.php?rest_route=%2Fwp%2Fv2%2Fcomments&post=1244"}],"wp:featuredmedia":[{"embeddable":true,"href":"https:\/\/tuongvibeauty.com\/index.php?rest_route=\/wp\/v2\/media\/1245"}],"wp:attachment":[{"href":"https:\/\/tuongvibeauty.com\/index.php?rest_route=%2Fwp%2Fv2%2Fmedia&parent=1244"}],"curies":[{"name":"wp","href":"https:\/\/api.w.org\/{rel}","templated":true}]}}